 4. Suppose 7*m = -g*m + 630. What is the tens digit of m?
6
Let v = 369 - 76. Let y = v + 324. What is the hundreds digit of y?
6
Let g(y) = 30*y**3 - y**2 + 12*y - 32. Let l be g(2). Let x be 2/(-4) - 69/(-6). Let j = l - x. What is the tens digit of j?
1
What is the thousands digit of 2835 - (80/30 + 2)*(-18)/(-14)?
2
Let p be (3/(-4))/((-152)/(-32) + -5). Let c(i) = -13*i - i**p + 11*i**2 - 12 - 8*i + 37*i. What is the tens digit of c(12)?
3
Let q = 619 + -100. Let v = 9 + q. Suppose v = 4*k + 48. What is the hundreds digit of k?
1
Let z(u) = 10*u**2 + 7*u - 1. Let k(o) = o**2 - 10*o - 13. Let d be k(11). Let s be 6/36*0 + (-6)/d. What is the units digit of z(s)?
0
What is the tens digit of (-23)/115 - (-1992)/10?
9
Let s(f) = 17*f**2 - f + 11. Let p be s(2). What is the hundreds digit of (-4)/14 + 1510*66/p?
2
Let f = -459 + 466. Let g(i) be the third derivative of i**5/15 - 2*i**4/3 + 2*i**3 - 2*i**2. What is the units digit of g(f)?
6
What is the units digit of (-21)/(294/140) - -1519?
9
Let g(a) = a. Let p(z) = -6*z + 3. Let q(d) = 2*g(d) + p(d). Let f be q(-10). Let t = f - 38. What is the units digit of t?
5
Suppose 78080 = 2*j + 2*x, 23*j - x - 78068 = 21*j. What is the tens digit of j?
3
Let q(r) = -88*r**3 + 9*r**2 + r + 20. What is the ten thousands digit of q(-5)?
1
What is the tens digit of (-13)/3*(-20478)/14 + (-4)/(-7)?
3
Let r = 3313 - 1662. Suppose r = 6*m - 1775. What is the units digit of m?
1
What is the ten thousands digit of ((-51036)/60 - 19)*-40?
3
Let r = -2321 - -2658. What is the units digit of r?
7
What is the thousands digit of 124*377/(-232)*(-76)/2?
7
Let s = -10 + 14. Let z be (-684)/(-570)*(-180)/(-2). Suppose h - 49 - 63 = -s*d, 0 = -h - 3*d + z. What is the tens digit of h?
9
Let l be (-4)/(-18) - 3790/45. Let k = -24 - l. Let r = 173 + k. What is the units digit of r?
3
Let u(z) = 4*z - 50. Let n be u(13). Suppose 2*a = 5*b - 29, n*b + a = -0*b + 8. What is the tens digit of (-3 + b)*(4 + (-260)/(-8))?
7
Let j = 3 + 36. Suppose h - 98 = k, -397 = -5*h + h - k. Let a = j + h. What is the hundreds digit of a?
1
Let z be (-4 - -19)/3 - (2 + 3). Suppose z = -2*m + 1404 - 248. What is the units digit of m?
8
Let q = -14528 + 25589. What is the thousands digit of q?
1
Let w(u) = -79*u**2 - u. Let t be w(-1). Let p = 44 + 112. Let o = t + p. What is the tens digit of o?
7
Suppose 4*l - 64712 = -4*a, -36006 - 12560 = -3*l + 5*a. What is the units digit of l?
2
Let x be 10/(-40) - (-2)/8. Suppose x = -4*j - 26 + 106. What is the units digit of ((-30)/j)/(3/(-148))?
4
Suppose -9*h = -i - 4*h + 7, 2*i - 7 = 3*h. Suppose 0 = -5*q + i*t + 4161, 0 = -2*t - 0*t - 6. What is the units digit of q?
1
Suppose 170 = -2*s + 1042. Suppose 4*n - 8*n + s = 0. What is the tens digit of n?
0
Let h = 3491 + -1781. Suppose n = -17*n + h. What is the units digit of n?
5
Let t = 5 - 22. What is the tens digit of 63/((51/(-18))/t)?
7
Let u = 47 - 43. Let v be u/(-18) - (-3 - 7/(-9)). Suppose -5*p + 3*p + 135 = -3*h, -3*h + 165 = v*p. What is the tens digit of p?
7
What is the tens digit of -6 + 0 + (-7 - -26041)?
2
Let q(k) = -4*k**3 - 11*k**2 + 11*k - 6. Let x(u) = -11*u**3 - 32*u**2 + 32*u - 18. Let y(w) = -8*q(w) + 3*x(w). What is the units digit of y(-9)?
3
Suppose 5*z - 3*b = 10*z - 61, -4*z + 38 = -3*b. Suppose z*p + 12*p - 1610 = 0. What is the tens digit of p?
7
Let v(h) = 860*h - 18496. What is the units digit of v(95)?
4
Let u be 116/261 + (-1072)/(-18). Suppose -6*q + 2*q - 2*g = 0, 12 = 3*g. Let i = u + q. What is the units digit of i?
8
Suppose 10*t - 41132 = -4*t. Suppose -13262 = -18*m + t. What is the tens digit of m?
0
Let i(a) = -2*a**3 - 2*a**2 + 4*a - 20. Let f be i(-7). Suppose 534*j - f*j = -3546. What is the units digit of j?
1
Let b(i) = 48*i**2 + 16*i - 56. Let q be b(-7). Suppose 17*x = 25*x - q. What is the tens digit of x?
7
What is the hundreds digit of 462344/96 - (-2)/(-4)*(-20)/(-120)?
8
What is the tens digit of (-14680)/(-3) + -4*(-5)/270*9?
9
Suppose 6*f + 3*f = 819. Suppose -2*g - z + 172 = 0, g - f = -0*z + 2*z. Suppose -b - g = -4*b. What is the units digit of b?
9
Let p(q) = q**3 - 5*q**2 - 5*q - 2. Let t be p(6). Suppose -4*f = -3*j + 1165, -2*j - t*f = -j - 367. What is the units digit of j?
3
Suppose 8*z + 20 = 12*z. Suppose z*x - 3949 = -0*x + 4*i, 788 = x + i. What is the hundreds digit of x?
7
Let t be (-23745)/(-30) + 2/4. Suppose 2*z - t = -4*m, 4*m - 3*m - 5*z = 198. What is the tens digit of m?
9
Suppose 48*c = 369431 + 169225. What is the thousands digit of c?
1
Let r(i) = i**3 + 7*i**2 - 4*i - 28. Let w be r(-7). Suppose w = 10*m - 763 - 1387. What is the tens digit of m?
1
Suppose 3*w = 4*g - 0*w - 10660, -13322 = -5*g + 3*w. What is the tens digit of g?
6
Let a = 325 + -323. What is the tens digit of a/(-21)*-879 + (-2)/(-7)?
8
Let x be (-1 + -1)/(2/42). Let o = 48 + x. What is the tens digit of (-188)/o*27/(-18)?
4
Let o(w) = 3521*w - 9145. What is the thousands digit of o(9)?
2
Let t = 98 - -25. Let c(h) = -h**2 - 35*h - 45. Let u be c(-11). Let r = u - t. What is the units digit of r?
6
Let u = 319 - 319. Suppose 7*y + 2*y - 3159 = u. What is the hundreds digit of y?
3
Suppose -25*t - 12 = -21*t - 2*c, -4*c + 15 = -5*t. What is the tens digit of t/(-5) - 323158/(-370)?
7
Let v(q) = -303 - 102 + 1610 + 4*q - 5*q. Let j be v(0). What is the hundreds digit of (0 - 1)/(-5)*j?
2
Let p be 8 + -14 - (-3 + 1 + -9). Suppose -68*q - 3*c + 983 = -66*q, -2*c = p*q - 2485. What is the tens digit of q?
9
Suppose -148*m - 170*m + 280*m = -1878796. What is the ten thousands digit of m?
4
Suppose 27*k + 611302 = 185*k. What is the hundreds digit of k?
8
Suppose -4*k + 0*b = 4*b - 12, -5*k + 4*b + 51 = 0. Let f(y) = -8*y + 1 - 23*y**3 + 14*y**3 + 4 + k*y**3 - 9*y**2. What is the hundreds digit of f(-6)?
1
Let j(x) = x**3 - 62*x**2 - 115*x + 105. What is the units digit of j(66)?
9
Suppose -2*w = 4*a - 4, -3 = 5*w - 13. Suppose 7*k - 5*k - 310 = a. Suppose 4*x + 0*x = -5*y + k, 2*y + 134 = 4*x. What is the tens digit of x?
3
Let r(q) be the second derivative of -401*q**5/20 - q**3/6 - 3*q. Let t be r(-1). Suppose t = 7*k - 4*k. What is the tens digit of k?
3
What is the thousands digit of 1 + -6 - (-8398 + -3)?
8
Let u(h) = -23644*h**3 - 7*h - 9. What is the hundreds digit of u(-1)?
6
Let z(y) = -2*y**2 - 10*y. Let a be z(-5). Suppose a = 4*x + t - 36, -3*x + 4 = -6*t + t. What is the tens digit of 12624/64 - 2/x?
9
Let q = -50 - -82. Suppose -3*r + 7*r - 3*g - q = 0, 3*r = -5*g - 5. Suppose r*n = u - 25 + 154, 0 = -2*n - u + 46. What is the tens digit of n?
2
Suppose -5*c = -3*d + 10860 + 15422, 2*c + 8761 = d. What is the hundreds digit of d?
7
What is the ten thousands digit of 10218 - (13/52)/(1/36)?
1
Suppose 0 = 10*a + 12*a - 8*a - 191856. What is the ten thousands digit of a?
1
Let g be 0*(-4)/28 - 0. Let t(y) = 16*y + 534. What is the tens digit of t(g)?
3
Let g(z) = 7*z + 175*z**2 + 4 - z - 26*z**2. What is the tens digit of g(-2)?
8
Let v(m) = -m**3 - 2*m**2 - 10 + 0 + 3*m + 3. Let n be v(-5). Suppose 2*c = 3*l - 32, -2*l - 8*c + 3*c = -n. What is the units digit of l?
4
Suppose -2*t - 3*t + 90 = 2*x, -5*t - x = -85. Suppose -8*v = 80 - t. Let z(l) = -4*l - 2. What is the tens digit of z(v)?
3
Suppose -6*q = 9*q - 11*q - 63216. What is the units digit of q?
4
Let u = -30022 + 95065. What is the thousands digit of u?
5
Let s = 413 - 409. What is the tens digit of s - 22/(-33)*(-57)/(-2)?
2
Let g be (212 - 2)/(1/1). Suppose 0 = -2*l - 49 - 51. Let y = g + l. What is the units digit of y?
0
What is the hundreds digit of (-921*((-46207)/(-42))/(-41))/(2/4)?
4
Let i = 14 + -10. Suppose -2*n - 4 = -i*z - 6*n, n + 19 = 3*z. Suppose -z*f - 171 = -6*f - 5*u, 5*u + 453 = 3*f. What is the tens digit of f?
5
Let z = -8 - -25. Let o = 21 - z. Suppose 3*g + 4*y = 90, 2*y - y + 139 = o*g. What is the tens digit of g?
3
Suppose 40 = -2*p + 48. Suppose 4*l = -5*k + 5443, -10*l + p*k = -12*l + 2720. What is the tens digit of l?
6
Suppose -680 + 698 = 3*b, -4*l = 3*b - 54730. What is the hundreds digit of l?
6
Suppose -5*h = 4*a - 17 - 3, a + 5*h = 5. Suppose u = 5*s + a*u - 494, 5*u = 5*s - 530. Suppose 4*r - c + 2*c = 114, 4*r - 5*c = s. What is the tens digit of r?
2
Suppose 0*b - 4*u + 9 = 3*b, -3*